{"id":293,"date":"2021-09-17T13:59:32","date_gmt":"2021-09-17T13:59:32","guid":{"rendered":"http:\/\/dapenalaw.com\/Espanol\/?page_id=293"},"modified":"2024-12-11T16:30:44","modified_gmt":"2024-12-11T16:30:44","slug":"jose-a-dapena-p-a-espanol","status":"publish","type":"page","link":"https:\/\/dapenalaw.com\/Espanol\/jose-a-dapena-p-a-espanol\/","title":{"rendered":"Jose A. Dapena, P.A. \u2013 Espanol"},"content":{"rendered":"<div  class=\"tatsu-HJtS7Vfdd tatsu-section  tatsu-parallax tatsu-section-custom-height   tatsu-clearfix\" data-title=\"\"  data-headerscheme=\"background--dark\"><div class = \"tatsu-custom-height-wrap\"><div class='tatsu-section-pad clearfix' data-padding='{\"d\":\"100px 0px 100px 0px\"}' data-padding-top='100px'><div class=\"tatsu-row-wrap  tatsu-wrap tatsu-row-one-col tatsu-row-has-one-cols tatsu-medium-gutter tatsu-reg-cols  tatsu-clearfix tatsu-B1gtHm4zOd\" ><div  class=\"tatsu-row \" ><div  class=\"tatsu-column  tatsu-column-no-bg tatsu-one-col tatsu-column-image-none tatsu-column-effect-none  tatsu-SkZKrm4GOd\"  data-parallax-speed=\"0\" style=\"\"><div class=\"tatsu-column-inner \" ><div class=\"tatsu-column-pad-wrap\"><div class=\"tatsu-column-pad\" ><div  class=\"tatsu-module tatsu-text-block-wrap tatsu-S1whXVf_d  \"><div class=\"tatsu-text-inner tatsu-align-center tatsu-animate clearfix\" data-animation=\"fadeInUp\"  ><style>.tatsu-S1whXVf_d.tatsu-text-block-wrap .tatsu-text-inner{width: 100%;text-align: left;}<\/style>\n<h1 style=\"text-align: center;\"><span style=\"color: #ffffff;\">Jose A. Dapena, P.A.<\/span><\/h1>\n<\/div><\/div><div  class=\"tatsu-single-image tatsu-module align-center tatsu-animate tatsu-image-lazyload tatsu-external-image tatsu-Skwot4u5u  \" data-animation=\"fadeInLeftBig\"  ><div class=\"tatsu-single-image-inner \" style=\"\" ><div class = \"tatsu-single-image-padding-wrap\" style = \"\" ><\/div><img class = \"tatsu-gradient-border\" data-src = \"https:\/\/dapenalaw.com\/Espanol\/wp-content\/uploads\/2021\/06\/graphic.png\" alt =\" \"  src =\"data:image\/png;base64,iVBORw0KGgoAAAANSUhEUgAAAAEAAAABCAQAAAC1HAwCAAAAC0lEQVR42mNkYAAAAAYAAjCB0C8AAAAASUVORK5CYII=\"  \/><\/div><style>.tatsu-Skwot4u5u .tatsu-single-image-inner{border-style: solid;max-width: 100%;}.tatsu-Skwot4u5u.tatsu-single-image{transform: translate3d(0px,0px, 0);}<\/style><\/div><\/div><\/div><div class = \"tatsu-column-bg-image-wrap\"><div class = \"tatsu-column-bg-image\" ><\/div><\/div><\/div><style>.tatsu-row > .tatsu-SkZKrm4GOd.tatsu-column{width: 100%;}.tatsu-SkZKrm4GOd.tatsu-column > .tatsu-column-inner > .tatsu-column-overlay{mix-blend-mode: none;}.tatsu-SkZKrm4GOd > .tatsu-column-inner > .tatsu-top-divider{z-index: 9999;}.tatsu-SkZKrm4GOd > .tatsu-column-inner > .tatsu-bottom-divider{z-index: 9999;}.tatsu-SkZKrm4GOd > .tatsu-column-inner > .tatsu-left-divider{z-index: 9999;}.tatsu-SkZKrm4GOd > .tatsu-column-inner > .tatsu-right-divider{z-index: 9999;}<\/style><\/div><\/div><\/div><\/div><div class=\"tatsu-section-background-wrap tatsu-parallax-element-wrap\"><div class = \"tatsu-section-background tatsu-parallax-element\" ><\/div><\/div><\/div><style>.tatsu-HJtS7Vfdd.tatsu-section{background-color: rgba(0,0,0,1);}.tatsu-HJtS7Vfdd .tatsu-section-background{background-image: url(http:\/\/dapenalaw.com\/Espanol\/wp-content\/uploads\/2021\/06\/hero_5.jpg);background-repeat: no-repeat;background-attachment: scroll;background-position: top center;background-size: cover;}.tatsu-HJtS7Vfdd .tatsu-bg-blur{background-repeat: no-repeat;background-attachment: scroll;background-position: top center;background-size: cover;}.tatsu-HJtS7Vfdd .tatsu-section-pad{padding: 100px 0px 100px 0px;}.tatsu-HJtS7Vfdd > .tatsu-bottom-divider{z-index: 9999;}.tatsu-HJtS7Vfdd > .tatsu-top-divider{z-index: 9999;}.tatsu-HJtS7Vfdd .tatsu-custom-height-wrap{align-items: center;min-height: 65vh;}<\/style><\/div><div  class=\"tatsu-SkZ74fNzdO tatsu-section  tatsu-bg-overlay   tatsu-clearfix\" data-title=\"\"  data-headerscheme=\"background--dark\"><div class='tatsu-section-pad clearfix' data-padding='{\"d\":\"90px 0px 90px 0px\"}' data-padding-top='90px'><div class=\"tatsu-row-wrap  tatsu-wrap tatsu-row-one-col tatsu-row-has-one-cols tatsu-medium-gutter tatsu-reg-cols  tatsu-clearfix tatsu-H1xXVM4Gdd\" ><div  class=\"tatsu-row \" ><div  class=\"tatsu-column  tatsu-bg-overlay tatsu-one-col tatsu-column-image-none tatsu-column-effect-none  tatsu-rymVGEzuu\"  data-parallax-speed=\"0\" style=\"\"><div class=\"tatsu-column-inner \" ><div class=\"tatsu-column-pad-wrap\"><div class=\"tatsu-column-pad\" ><div  class=\"tatsu-module tatsu-text-block-wrap tatsu-r1nGsQJtO  \"><div class=\"tatsu-text-inner  tatsu-animate clearfix\" data-animation=\"fadeIn\"  ><style>.tatsu-r1nGsQJtO.tatsu-text-block-wrap .tatsu-text-inner{width: 93%;text-align: left;}.tatsu-r1nGsQJtO.tatsu-text-block-wrap{margin: 0px 0px 45px 0px;}<\/style>\n<h4><span style=\"color: #ffffff;\">El Licenciado Jos\u00e9 A. Dapena tiene m\u00e1s de 20 a\u00f1os de experiencia en litigio civil. El Licenciado Dapena comenz\u00f3 su carrera legal ejerciendo en el \u00e1rea de derecho mar\u00edtimo, defendiendo reclamaciones de carga y accidentes en alta mar. En el 2002, el Licenciado Dapena trabajo como abogado interno para una compa\u00f1\u00eda de seguros de auto en el departamento de litigio. Un tiempo despu\u00e9s el Licenciado Dapena abri\u00f3 su propia practica y desde entonces se ha dedicado a representar v\u00edctimas de accidente de auto y personas que han sufrido la p\u00e9rdida de un miembro familiar por la negligencia de otro. Tambi\u00e9n representamos a personas en casos donde la aseguradora les niega injustamente reclamos por danos al hogar o a su negocio.<\/span><\/h4>\n<\/div><\/div><\/div><\/div><div class = \"tatsu-column-bg-image-wrap\"><div class = \"tatsu-column-bg-image\" ><\/div><\/div><div class=\"tatsu-overlay tatsu-column-overlay tatsu-animate-none\" ><\/div><\/div><style>.tatsu-row > .tatsu-rymVGEzuu.tatsu-column{width: 100%;}.tatsu-rymVGEzuu.tatsu-column > .tatsu-column-inner > .tatsu-column-overlay{mix-blend-mode: normal;}.tatsu-rymVGEzuu > .tatsu-column-inner > .tatsu-top-divider{z-index: 9999;}.tatsu-rymVGEzuu > .tatsu-column-inner > .tatsu-bottom-divider{z-index: 9999;}.tatsu-rymVGEzuu > .tatsu-column-inner > .tatsu-left-divider{z-index: 9999;}.tatsu-rymVGEzuu > .tatsu-column-inner > .tatsu-right-divider{z-index: 9999;}@media only screen and (max-width:1377px) {.tatsu-row > .tatsu-rymVGEzuu.tatsu-column{width: 100%;}}@media only screen and (min-width:768px) and (max-width: 1024px) {.tatsu-row > .tatsu-rymVGEzuu.tatsu-column{width: 100%;}}@media only screen and (max-width: 767px) {.tatsu-row > .tatsu-rymVGEzuu.tatsu-column{width: 100%;}}<\/style><\/div><\/div><\/div><\/div><div class=\"tatsu-section-background-wrap\"><div class = \"tatsu-section-background\" ><\/div><\/div><div class=\"tatsu-overlay tatsu-section-overlay\"><\/div><style>.tatsu-SkZ74fNzdO.tatsu-section{background-color: rgba(0,0,0,1);}.tatsu-SkZ74fNzdO .tatsu-section-pad{padding: 90px 0px 90px 0px;}.tatsu-SkZ74fNzdO .tatsu-section-offset-wrap{transform: translateY(-0px);}.tatsu-SkZ74fNzdO > .tatsu-bottom-divider{z-index: 9999;}.tatsu-SkZ74fNzdO > .tatsu-top-divider{z-index: 9999;}.tatsu-SkZ74fNzdO .tatsu-section-overlay{mix-blend-mode: normal;}<\/style><\/div><div  class=\"tatsu-S1W4ufEfdu tatsu-section  tatsu-bg-overlay   tatsu-clearfix\" data-title=\"\"  data-headerscheme=\"background--dark\"><div class='tatsu-section-pad clearfix' data-padding='{\"d\":\"90px 0px 90px 0px\"}' data-padding-top='90px'><div class=\"tatsu-row-wrap  tatsu-wrap tatsu-row-has-one-half tatsu-row-has-two-cols tatsu-medium-gutter tatsu-reg-cols  tatsu-clearfix tatsu-ryl4dG4MOO\" ><div  class=\"tatsu-row \" ><div  class=\"tatsu-column  tatsu-bg-overlay tatsu-one-half tatsu-column-image-none tatsu-column-effect-none  tatsu-ByWKfNG_O\"  data-parallax-speed=\"0\" style=\"\"><div class=\"tatsu-column-inner \" ><div class=\"tatsu-column-pad-wrap\"><div class=\"tatsu-column-pad\" ><div  class=\"tatsu-module tatsu-text-block-wrap tatsu-Bk2tfEzdO  \"><div class=\"tatsu-text-inner tatsu-align-center tatsu-animate clearfix\" data-animation=\"fadeInLeft\"  ><style>.tatsu-Bk2tfEzdO.tatsu-text-block-wrap .tatsu-text-inner{width: 100%;text-align: left;}<\/style>\n<h5>El Licenciado Dapena comenz\u00f3 sus estudios en Florida State University, donde recibi\u00f3 su bachillerato en Ciencias Pol\u00edticas y Sociolog\u00eda en 1994. Posteriormente, obtuvo su Doctorado jur\u00eddico en la Facultad de Derecho de St. Thomas University en el 1997, y una Maestr\u00eda en Derecho Oceanico y Maritimo de la Escuela de Derecho de University of Miami. El Licenciado Dapena posee un amplio conocimiento en el \u00e1rea de litigio civil y est\u00e1 disponible para responder cualquier pregunta.<\/h5>\n<\/div><\/div><div  class=\"tatsu-module tatsu-text-block-wrap tatsu-rkgfzedqd  \"><div class=\"tatsu-text-inner tatsu-align-center tatsu-animate clearfix\" data-animation=\"fadeInRight\"  ><style>.tatsu-rkgfzedqd.tatsu-text-block-wrap .tatsu-text-inner{width: 100%;text-align: left;}<\/style>\n<ul>\n<li>\n<p><strong>Miembro, The Florida Bar<\/strong><\/p>\n<\/li>\n<li>\n<p><strong>Miembro de la Corte de Distrito de Estados Unidos para el Distrito Sur de la Florida<\/strong><\/p>\n<\/li>\n<li>\n<p><strong>Miembro de la Corte de Distrito de Estados Unidos para el Distrito Notre de la Florida<\/strong><\/p>\n<\/li>\n<li>\n<p><strong>Miembro de la Corte de Distrito de Estados Unidos para el Distrito Medio de Florida<\/strong><\/p>\n<\/li>\n<li>\n<p><strong>Member,\u00a0Miami-DadeCounty Bar Association<\/strong><\/p>\n<\/li>\n<li>\n<p><strong>Miembro de la American Bar Association<\/strong><\/p>\n<\/li>\n<\/ul>\n<\/div><\/div><\/div><\/div><div class = \"tatsu-column-bg-image-wrap\"><div class = \"tatsu-column-bg-image\" ><\/div><\/div><div class=\"tatsu-overlay tatsu-column-overlay tatsu-animate-none\" ><\/div><\/div><style>.tatsu-row > .tatsu-ByWKfNG_O.tatsu-column{width: 46.2%;}.tatsu-ByWKfNG_O.tatsu-column > .tatsu-column-inner > .tatsu-column-overlay{mix-blend-mode: normal;}.tatsu-ByWKfNG_O > .tatsu-column-inner > .tatsu-top-divider{z-index: 9999;}.tatsu-ByWKfNG_O > .tatsu-column-inner > .tatsu-bottom-divider{z-index: 9999;}.tatsu-ByWKfNG_O > .tatsu-column-inner > .tatsu-left-divider{z-index: 9999;}.tatsu-ByWKfNG_O > .tatsu-column-inner > .tatsu-right-divider{z-index: 9999;}@media only screen and (max-width:1377px) {.tatsu-row > .tatsu-ByWKfNG_O.tatsu-column{width: 50%;}}@media only screen and (min-width:768px) and (max-width: 1024px) {.tatsu-row > .tatsu-ByWKfNG_O.tatsu-column{width: 50%;}}@media only screen and (max-width: 767px) {.tatsu-row > .tatsu-ByWKfNG_O.tatsu-column{width: 100%;}}<\/style><\/div><div  class=\"tatsu-column  tatsu-bg-overlay tatsu-one-half tatsu-column-align-middle tatsu-column-image-none tatsu-column-effect-none  tatsu-Skx-tGEzd_\"  data-parallax-speed=\"0\" style=\"\"><div class=\"tatsu-column-inner \" ><div class=\"tatsu-column-pad-wrap\"><div class=\"tatsu-column-pad\" ><div  class=\"tatsu-single-image tatsu-module tatsu-image-lazyload tatsu-external-image tatsu-BJxtK0ath  \" ><div class=\"tatsu-single-image-inner \" style=\"\" ><div class = \"tatsu-single-image-padding-wrap\" style = \"\" ><\/div><img class = \"tatsu-gradient-border\" data-src = \"https:\/\/dapenalaw.com\/Espanol\/wp-content\/uploads\/2023\/07\/dl_about.jpg\" alt =\" \"  src =\"data:image\/png;base64,iVBORw0KGgoAAAANSUhEUgAAAAEAAAABCAQAAAC1HAwCAAAAC0lEQVR42mNkYAAAAAYAAjCB0C8AAAAASUVORK5CYII=\"  \/><\/div><style>.tatsu-BJxtK0ath .tatsu-single-image-inner{border-style: solid;max-width: 100%;}.tatsu-BJxtK0ath.tatsu-single-image{transform: translate3d(0px,0px, 0);}<\/style><\/div><\/div><\/div><div class = \"tatsu-column-bg-image-wrap\"><div class = \"tatsu-column-bg-image\" ><\/div><\/div><div class=\"tatsu-overlay tatsu-column-overlay tatsu-animate-none\" ><\/div><\/div><style>.tatsu-row > .tatsu-Skx-tGEzd_.tatsu-column{width: 53.8%;}.tatsu-Skx-tGEzd_.tatsu-column{margin: 0px 0px 0px 0px !important;}.tatsu-Skx-tGEzd_.tatsu-column > .tatsu-column-inner > .tatsu-column-overlay{mix-blend-mode: normal;}.tatsu-Skx-tGEzd_ > .tatsu-column-inner > .tatsu-top-divider{z-index: 9999;}.tatsu-Skx-tGEzd_ > .tatsu-column-inner > .tatsu-bottom-divider{z-index: 9999;}.tatsu-Skx-tGEzd_ > .tatsu-column-inner > .tatsu-left-divider{z-index: 9999;}.tatsu-Skx-tGEzd_ > .tatsu-column-inner > .tatsu-right-divider{z-index: 9999;}@media only screen and (max-width:1377px) {.tatsu-row > .tatsu-Skx-tGEzd_.tatsu-column{width: 50%;}}@media only screen and (min-width:768px) and (max-width: 1024px) {.tatsu-row > .tatsu-Skx-tGEzd_.tatsu-column{width: 50%;}}@media only screen and (max-width: 767px) {.tatsu-row > .tatsu-Skx-tGEzd_.tatsu-column{width: 100%;}}<\/style><\/div><\/div><\/div><\/div><div class=\"tatsu-section-background-wrap\"><div class = \"tatsu-section-background\" ><\/div><\/div><div class=\"tatsu-overlay tatsu-section-overlay\"><\/div><style>.tatsu-S1W4ufEfdu .tatsu-section-pad{padding: 90px 0px 90px 0px;}.tatsu-S1W4ufEfdu .tatsu-section-offset-wrap{transform: translateY(-0px);}.tatsu-S1W4ufEfdu > .tatsu-bottom-divider{z-index: 9999;}.tatsu-S1W4ufEfdu > .tatsu-top-divider{z-index: 9999;}.tatsu-S1W4ufEfdu .tatsu-section-overlay{mix-blend-mode: normal;}<\/style><\/div><div  class=\"tatsu-HkWsuyBMuO tatsu-section  tatsu-bg-overlay   tatsu-clearfix\" data-title=\"\"  data-headerscheme=\"background--dark\"><div class='tatsu-section-pad clearfix' data-padding='{\"d\":\"90px 0px 90px 0px\"}' data-padding-top='90px'><div class=\"tatsu-row-wrap  tatsu-wrap tatsu-row-one-col tatsu-row-has-one-cols tatsu-medium-gutter tatsu-reg-cols  tatsu-clearfix tatsu-HygjdkSz_u\" ><div  class=\"tatsu-row \" ><div  class=\"tatsu-column  tatsu-bg-overlay tatsu-one-col tatsu-column-image-none tatsu-column-effect-none  tatsu-Hks_kSfuu\"  data-parallax-speed=\"0\" style=\"\"><div class=\"tatsu-column-inner \" ><div class=\"tatsu-column-pad-wrap\"><div class=\"tatsu-column-pad\" ><div  class=\"tatsu-module tatsu-text-block-wrap tatsu-r1N9krzOO  \"><div class=\"tatsu-text-inner tatsu-align-center  clearfix\" ><style>.tatsu-r1N9krzOO.tatsu-text-block-wrap .tatsu-text-inner{width: 100%;text-align: left;}<\/style>\n<h3 style=\"text-align: center;\"><span style=\"color: #ffffff;\"><b>\u00bfNecesita ayuda y una respuesta r\u00e1pida?<\/b><b><br \/><\/b><b>Ll\u00e1manos.<\/b><\/span><\/h3>\n<\/div><\/div><div  class=\"tatsu-module tatsu-normal-button tatsu-button-wrap align-block block-center  tatsu-SyKSUry0d   \"><a class=\"tatsu-shortcode mediumbtn tatsu-button left-icon circular   bg-animation-none  \" href=\"http:\/\/dapenalaw.com\/Espanol\/evaluation-form\" style= \"\"  aria-label=\"COMUNICATE\" data-gdpr-atts={} >COMUNICATE<\/a><style>.tatsu-SyKSUry0d .tatsu-button{background-color: rgba(238,84,47,1);color: rgba(255,255,255,1) ;}<\/style><\/div><div  class=\"tatsu-module tatsu-text-block-wrap tatsu-ByxP8DEcd  \"><div class=\"tatsu-text-inner tatsu-align-center  clearfix\" ><style>.tatsu-ByxP8DEcd.tatsu-text-block-wrap .tatsu-text-inner{width: 100%;text-align: left;}<\/style>\n<h5 style=\"text-align: center;\"><span style=\"color: #ffffff;\"><a href=\"http:\/\/dapenalaw.com\/Espanol\/miami\">Miami<\/a>\u00a0| <a href=\"http:\/\/dapenalaw.com\/Espanol\/orlando\">Orlando<\/a>\u00a0| <a href=\"http:\/\/dapenalaw.com\/Espanol\/homestead\">Homestead<\/a>\u00a0| <a href=\"http:\/\/dapenalaw.com\/Espanol\/tampa\">Tampa <\/a>| <a href=\"https:\/\/dapenalaw.com\/Espanol\/fort-myers\/\">Fort Myers<\/a><\/span><\/h5>\n<\/div><\/div><div  class=\"tatsu-module tatsu-icon-group tatsu-SkgI8Pr10u  \"  ><style>.tatsu-SkgI8Pr10u.tatsu-icon-group{text-align: center;margin: 0px 0px 20px 0px;}<\/style><div  class=\"tatsu-module tatsu-normal-icon tatsu-icon-shortcode align-none tatsu-Sy8Lwrk0O   \"><style>.tatsu-Sy8Lwrk0O .tatsu-icon{color: rgba(238,84,47,1) ;}.tatsu-Sy8Lwrk0O{border-width: 0px 0px 0px 0px;}<\/style><a href=\"https:\/\/www.facebook.com\/josedapenalaw\/\"  class=\"tatsu-icon-wrap plain  tatsu-animate    \" data-animation=\"fadeIn\"   aria-label=\"icon-facebook\" data-gdpr-atts={}  target=\"_blank\" ><i class=\"tatsu-icon tatsu-custom-icon tatsu-custom-icon-class icon-facebook small plain\"><\/i><\/a><\/div><div  class=\"tatsu-module tatsu-normal-icon tatsu-icon-shortcode align-none tatsu-B1tLDByRd   \"><style>.tatsu-B1tLDByRd .tatsu-icon{color: rgba(238,84,47,1) ;}.tatsu-B1tLDByRd{border-width: 0px 0px 0px 0px;}<\/style><a href=\"https:\/\/www.instagram.com\/josedapena_p.a\/\"  class=\"tatsu-icon-wrap plain  tatsu-animate    \" data-animation=\"fadeIn\"   aria-label=\"icon-social_instagram\" data-gdpr-atts={}   ><i class=\"tatsu-icon tatsu-custom-icon tatsu-custom-icon-class icon-social_instagram small plain\"><\/i><\/a><\/div><div  class=\"tatsu-module tatsu-normal-icon tatsu-icon-shortcode align-none tatsu-BJcLvSJRO   \"><style>.tatsu-BJcLvSJRO .tatsu-icon{color: rgba(238,84,47,1) ;}.tatsu-BJcLvSJRO{border-width: 0px 0px 0px 0px;}<\/style><a href=\"https:\/\/www.youtube.com\/channel\/UCP_cS3bn6ZsYqguIePKuVxg\"  class=\"tatsu-icon-wrap plain  tatsu-animate    \" data-animation=\"fadeIn\"   aria-label=\"icon-social_youtube\" data-gdpr-atts={}   ><i class=\"tatsu-icon tatsu-custom-icon tatsu-custom-icon-class icon-social_youtube small plain\"><\/i><\/a><\/div><\/div><\/div><\/div><div class = \"tatsu-column-bg-image-wrap\"><div class = \"tatsu-column-bg-image\" ><\/div><\/div><div class=\"tatsu-overlay tatsu-column-overlay tatsu-animate-none\" ><\/div><\/div><style>.tatsu-row > .tatsu-Hks_kSfuu.tatsu-column{width: 100%;}.tatsu-Hks_kSfuu.tatsu-column > .tatsu-column-inner > .tatsu-column-overlay{mix-blend-mode: normal;}.tatsu-Hks_kSfuu > .tatsu-column-inner > .tatsu-top-divider{z-index: 9999;}.tatsu-Hks_kSfuu > .tatsu-column-inner > .tatsu-bottom-divider{z-index: 9999;}.tatsu-Hks_kSfuu > .tatsu-column-inner > .tatsu-left-divider{z-index: 9999;}.tatsu-Hks_kSfuu > .tatsu-column-inner > .tatsu-right-divider{z-index: 9999;}@media only screen and (max-width:1377px) {.tatsu-row > .tatsu-Hks_kSfuu.tatsu-column{width: 100%;}}@media only screen and (min-width:768px) and (max-width: 1024px) {.tatsu-row > .tatsu-Hks_kSfuu.tatsu-column{width: 100%;}}@media only screen and (max-width: 767px) {.tatsu-row > .tatsu-Hks_kSfuu.tatsu-column{width: 100%;}}<\/style><\/div><\/div><\/div><\/div><div class=\"tatsu-section-background-wrap\"><div class = \"tatsu-section-background\" ><\/div><\/div><div class=\"tatsu-overlay tatsu-section-overlay\"><\/div><style>.tatsu-HkWsuyBMuO.tatsu-section{background-color: rgba(0,0,0,1);}.tatsu-HkWsuyBMuO .tatsu-section-pad{padding: 90px 0px 90px 0px;}.tatsu-HkWsuyBMuO .tatsu-section-offset-wrap{transform: translateY(-0px);}.tatsu-HkWsuyBMuO > .tatsu-bottom-divider{z-index: 9999;}.tatsu-HkWsuyBMuO > .tatsu-top-divider{z-index: 9999;}.tatsu-HkWsuyBMuO .tatsu-section-overlay{mix-blend-mode: normal;}<\/style><\/div>\n","protected":false},"excerpt":{"rendered":"<p><a href=\"https:\/\/dapenalaw.com\/Espanol\/jose-a-dapena-p-a-espanol\/\" class=\"more-link style1-button\">Read More<\/a><\/p>","protected":false},"author":1,"featured_media":0,"parent":0,"menu_order":0,"comment_status":"closed","ping_status":"closed","template":"","meta":{"footnotes":""},"class_list":["post-293","page","type-page","status-publish","hentry"],"_links":{"self":[{"href":"https:\/\/dapenalaw.com\/Espanol\/wp-json\/wp\/v2\/pages\/293","targetHints":{"allow":["GET"]}}],"collection":[{"href":"https:\/\/dapenalaw.com\/Espanol\/wp-json\/wp\/v2\/pages"}],"about":[{"href":"https:\/\/dapenalaw.com\/Espanol\/wp-json\/wp\/v2\/types\/page"}],"author":[{"embeddable":true,"href":"https:\/\/dapenalaw.com\/Espanol\/wp-json\/wp\/v2\/users\/1"}],"replies":[{"embeddable":true,"href":"https:\/\/dapenalaw.com\/Espanol\/wp-json\/wp\/v2\/comments?post=293"}],"version-history":[{"count":10,"href":"https:\/\/dapenalaw.com\/Espanol\/wp-json\/wp\/v2\/pages\/293\/revisions"}],"predecessor-version":[{"id":462,"href":"https:\/\/dapenalaw.com\/Espanol\/wp-json\/wp\/v2\/pages\/293\/revisions\/462"}],"wp:attachment":[{"href":"https:\/\/dapenalaw.com\/Espanol\/wp-json\/wp\/v2\/media?parent=293"}],"curies":[{"name":"wp","href":"https:\/\/api.w.org\/{rel}","templated":true}]}}